{"id":397,"date":"2019-02-21T17:08:15","date_gmt":"2019-02-21T17:08:15","guid":{"rendered":"http:\/\/institutvilley.com\/?page_id=397"},"modified":"2026-04-03T12:20:47","modified_gmt":"2026-04-03T12:20:47","slug":"organisation","status":"publish","type":"page","link":"https:\/\/institutvilley.com\/?page_id=397","title":{"rendered":"Organisation"},"content":{"rendered":"<div class=\"fusion-fullwidth fullwidth-box fusion-builder-row-1 nonhundred-percent-fullwidth non-hundred-percent-height-scrolling\"  style='background-color: rgba(255,255,255,0);background-position: center center;background-repeat: no-repeat;padding-top:0px;padding-right:0px;padding-bottom:0px;padding-left:0px;'><div class=\"fusion-builder-row fusion-row \"><div  class=\"fusion-layout-column fusion_builder_column fusion_builder_column_1_5 fusion-builder-column-0 fusion-one-fifth fusion-column-first 1_5\"  style='margin-top:0px;margin-bottom:20px;width:20%;width:calc(20% - ( ( 4% ) * 0.2 ) );margin-right: 4%;'><div class=\"fusion-column-wrapper\" style=\"background-color:#d8e2eb;padding: 0px 10px 0px 10px;background-position:left top;background-repeat:no-repeat;-webkit-background-size:cover;-moz-background-size:cover;-o-background-size:cover;background-size:cover;\"   data-bg-url=\"\"><div class=\"fusion-image-carousel fusion-image-carousel-auto lightbox-enabled fusion-carousel-border\"><div class=\"fusion-carousel\" data-autoplay=\"yes\" data-columns=\"1\" data-itemmargin=\"13\" data-itemwidth=\"180\" data-touchscroll=\"no\" data-imagesize=\"auto\"><div class=\"fusion-carousel-positioner\"><ul class=\"fusion-carousel-holder\"><li class=\"fusion-carousel-item\"><div class=\"fusion-carousel-item-wrapper\"><div class=\"fusion-image-wrapper hover-type-none\"><a data-rel=\"iLightbox[image_carousel_1]\" data-title=\"Logo IMV (GRAND)\" aria-label=\"Logo IMV (GRAND)\" href=\"http:\/\/institutvilley.com\/wp-content\/uploads\/2019\/02\/Logo-imv-grand.jpg\" target=\"_self\"><img loading=\"lazy\" decoding=\"async\" width=\"250\" height=\"250\" src=\"https:\/\/institutvilley.com\/wp-content\/uploads\/2019\/02\/Logo-imv-grand.jpg\" class=\"attachment-full size-full\" alt=\"\" srcset=\"https:\/\/institutvilley.com\/wp-content\/uploads\/2019\/02\/Logo-imv-grand-66x66.jpg 66w, https:\/\/institutvilley.com\/wp-content\/uploads\/2019\/02\/Logo-imv-grand-150x150.jpg 150w, https:\/\/institutvilley.com\/wp-content\/uploads\/2019\/02\/Logo-imv-grand-200x200.jpg 200w, https:\/\/institutvilley.com\/wp-content\/uploads\/2019\/02\/Logo-imv-grand.jpg 250w\" sizes=\"(max-width: 250px) 100vw, 250px\" \/><\/a><\/div><\/div><\/li><li class=\"fusion-carousel-item\"><div class=\"fusion-carousel-item-wrapper\"><div class=\"fusion-image-wrapper hover-type-none\"><a data-rel=\"iLightbox[image_carousel_1]\" data-title=\"Vue de la place du Panth\u00e9on depuis l&rsquo;Institut Villey\" aria-label=\"Vue de la place du Panth\u00e9on depuis l&rsquo;Institut Villey\" href=\"http:\/\/institutvilley.com\/wp-content\/uploads\/2019\/02\/IMG_20190221_171201_175.jpg\" target=\"_self\"><img loading=\"lazy\" decoding=\"async\" width=\"2250\" height=\"2250\" src=\"https:\/\/institutvilley.com\/wp-content\/uploads\/2019\/02\/IMG_20190221_171201_175.jpg\" class=\"attachment-full size-full\" alt=\"\" srcset=\"https:\/\/institutvilley.com\/wp-content\/uploads\/2019\/02\/IMG_20190221_171201_175-66x66.jpg 66w, https:\/\/institutvilley.com\/wp-content\/uploads\/2019\/02\/IMG_20190221_171201_175-150x150.jpg 150w, https:\/\/institutvilley.com\/wp-content\/uploads\/2019\/02\/IMG_20190221_171201_175-200x200.jpg 200w, https:\/\/institutvilley.com\/wp-content\/uploads\/2019\/02\/IMG_20190221_171201_175-300x300.jpg 300w, https:\/\/institutvilley.com\/wp-content\/uploads\/2019\/02\/IMG_20190221_171201_175-400x400.jpg 400w, https:\/\/institutvilley.com\/wp-content\/uploads\/2019\/02\/IMG_20190221_171201_175-600x600.jpg 600w, https:\/\/institutvilley.com\/wp-content\/uploads\/2019\/02\/IMG_20190221_171201_175-768x768.jpg 768w, https:\/\/institutvilley.com\/wp-content\/uploads\/2019\/02\/IMG_20190221_171201_175-800x800.jpg 800w, https:\/\/institutvilley.com\/wp-content\/uploads\/2019\/02\/IMG_20190221_171201_175-1024x1024.jpg 1024w, https:\/\/institutvilley.com\/wp-content\/uploads\/2019\/02\/IMG_20190221_171201_175-1200x1200.jpg 1200w, https:\/\/institutvilley.com\/wp-content\/uploads\/2019\/02\/IMG_20190221_171201_175.jpg 2250w\" sizes=\"(max-width: 2250px) 100vw, 2250px\" \/><\/a><\/div><\/div><\/li><li class=\"fusion-carousel-item\"><div class=\"fusion-carousel-item-wrapper\"><div class=\"fusion-image-wrapper hover-type-none\"><a data-rel=\"iLightbox[image_carousel_1]\" data-title=\"Salle de travail de l&rsquo;Institut Villey\" aria-label=\"Salle de travail de l&rsquo;Institut Villey\" href=\"http:\/\/institutvilley.com\/wp-content\/uploads\/2019\/02\/IMG_20190221_171549_445.jpg\" target=\"_self\"><img loading=\"lazy\" decoding=\"async\" width=\"2250\" height=\"2250\" src=\"https:\/\/institutvilley.com\/wp-content\/uploads\/2019\/02\/IMG_20190221_171549_445.jpg\" class=\"attachment-full size-full\" alt=\"\" srcset=\"https:\/\/institutvilley.com\/wp-content\/uploads\/2019\/02\/IMG_20190221_171549_445-66x66.jpg 66w, https:\/\/institutvilley.com\/wp-content\/uploads\/2019\/02\/IMG_20190221_171549_445-150x150.jpg 150w, https:\/\/institutvilley.com\/wp-content\/uploads\/2019\/02\/IMG_20190221_171549_445-200x200.jpg 200w, https:\/\/institutvilley.com\/wp-content\/uploads\/2019\/02\/IMG_20190221_171549_445-300x300.jpg 300w, https:\/\/institutvilley.com\/wp-content\/uploads\/2019\/02\/IMG_20190221_171549_445-400x400.jpg 400w, https:\/\/institutvilley.com\/wp-content\/uploads\/2019\/02\/IMG_20190221_171549_445-600x600.jpg 600w, https:\/\/institutvilley.com\/wp-content\/uploads\/2019\/02\/IMG_20190221_171549_445-768x768.jpg 768w, https:\/\/institutvilley.com\/wp-content\/uploads\/2019\/02\/IMG_20190221_171549_445-800x800.jpg 800w, https:\/\/institutvilley.com\/wp-content\/uploads\/2019\/02\/IMG_20190221_171549_445-1024x1024.jpg 1024w, https:\/\/institutvilley.com\/wp-content\/uploads\/2019\/02\/IMG_20190221_171549_445-1200x1200.jpg 1200w, https:\/\/institutvilley.com\/wp-content\/uploads\/2019\/02\/IMG_20190221_171549_445.jpg 2250w\" sizes=\"(max-width: 2250px) 100vw, 2250px\" \/><\/a><\/div><\/div><\/li><li class=\"fusion-carousel-item\"><div class=\"fusion-carousel-item-wrapper\"><div class=\"fusion-image-wrapper hover-type-none\"><a data-rel=\"iLightbox[image_carousel_1]\" data-title=\"Quelques uns des ouvrages de la biblioth\u00e8que\" aria-label=\"Quelques uns des ouvrages de la biblioth\u00e8que\" href=\"http:\/\/institutvilley.com\/wp-content\/uploads\/2019\/02\/IMG_20190221_171413_084.jpg\" target=\"_self\"><img loading=\"lazy\" decoding=\"async\" width=\"2250\" height=\"2250\" src=\"https:\/\/institutvilley.com\/wp-content\/uploads\/2019\/02\/IMG_20190221_171413_084.jpg\" class=\"attachment-full size-full\" alt=\"\" srcset=\"https:\/\/institutvilley.com\/wp-content\/uploads\/2019\/02\/IMG_20190221_171413_084-66x66.jpg 66w, https:\/\/institutvilley.com\/wp-content\/uploads\/2019\/02\/IMG_20190221_171413_084-150x150.jpg 150w, https:\/\/institutvilley.com\/wp-content\/uploads\/2019\/02\/IMG_20190221_171413_084-200x200.jpg 200w, https:\/\/institutvilley.com\/wp-content\/uploads\/2019\/02\/IMG_20190221_171413_084-300x300.jpg 300w, https:\/\/institutvilley.com\/wp-content\/uploads\/2019\/02\/IMG_20190221_171413_084-400x400.jpg 400w, https:\/\/institutvilley.com\/wp-content\/uploads\/2019\/02\/IMG_20190221_171413_084-600x600.jpg 600w, https:\/\/institutvilley.com\/wp-content\/uploads\/2019\/02\/IMG_20190221_171413_084-768x768.jpg 768w, https:\/\/institutvilley.com\/wp-content\/uploads\/2019\/02\/IMG_20190221_171413_084-800x800.jpg 800w, https:\/\/institutvilley.com\/wp-content\/uploads\/2019\/02\/IMG_20190221_171413_084-1024x1024.jpg 1024w, https:\/\/institutvilley.com\/wp-content\/uploads\/2019\/02\/IMG_20190221_171413_084-1200x1200.jpg 1200w, https:\/\/institutvilley.com\/wp-content\/uploads\/2019\/02\/IMG_20190221_171413_084.jpg 2250w\" sizes=\"(max-width: 2250px) 100vw, 2250px\" \/><\/a><\/div><\/div><\/li><li class=\"fusion-carousel-item\"><div class=\"fusion-carousel-item-wrapper\"><div class=\"fusion-image-wrapper hover-type-none\"><a data-rel=\"iLightbox[image_carousel_1]\" data-title=\"Quelques unes des revues de la biblioth\u00e8que\" aria-label=\"Quelques unes des revues de la biblioth\u00e8que\" href=\"http:\/\/institutvilley.com\/wp-content\/uploads\/2019\/02\/IMG_20190221_171316_450.jpg\" target=\"_self\"><img loading=\"lazy\" decoding=\"async\" width=\"1814\" height=\"1814\" src=\"https:\/\/institutvilley.com\/wp-content\/uploads\/2019\/02\/IMG_20190221_171316_450.jpg\" class=\"attachment-full size-full\" alt=\"\" srcset=\"https:\/\/institutvilley.com\/wp-content\/uploads\/2019\/02\/IMG_20190221_171316_450-66x66.jpg 66w, https:\/\/institutvilley.com\/wp-content\/uploads\/2019\/02\/IMG_20190221_171316_450-150x150.jpg 150w, https:\/\/institutvilley.com\/wp-content\/uploads\/2019\/02\/IMG_20190221_171316_450-200x200.jpg 200w, https:\/\/institutvilley.com\/wp-content\/uploads\/2019\/02\/IMG_20190221_171316_450-300x300.jpg 300w, https:\/\/institutvilley.com\/wp-content\/uploads\/2019\/02\/IMG_20190221_171316_450-400x400.jpg 400w, https:\/\/institutvilley.com\/wp-content\/uploads\/2019\/02\/IMG_20190221_171316_450-600x600.jpg 600w, https:\/\/institutvilley.com\/wp-content\/uploads\/2019\/02\/IMG_20190221_171316_450-768x768.jpg 768w, https:\/\/institutvilley.com\/wp-content\/uploads\/2019\/02\/IMG_20190221_171316_450-800x800.jpg 800w, https:\/\/institutvilley.com\/wp-content\/uploads\/2019\/02\/IMG_20190221_171316_450-1024x1024.jpg 1024w, https:\/\/institutvilley.com\/wp-content\/uploads\/2019\/02\/IMG_20190221_171316_450-1200x1200.jpg 1200w, https:\/\/institutvilley.com\/wp-content\/uploads\/2019\/02\/IMG_20190221_171316_450.jpg 1814w\" sizes=\"(max-width: 1814px) 100vw, 1814px\" \/><\/a><\/div><\/div><\/li><li class=\"fusion-carousel-item\"><div class=\"fusion-carousel-item-wrapper\"><div class=\"fusion-image-wrapper hover-type-none\"><a data-rel=\"iLightbox[image_carousel_1]\" data-title=\"L&rsquo;Institut Villey au 1 rue d&rsquo;Ulm\" aria-label=\"L&rsquo;Institut Villey au 1 rue d&rsquo;Ulm\" href=\"http:\/\/institutvilley.com\/wp-content\/uploads\/2019\/02\/IMG_20190221_171104_993.jpg\" target=\"_self\"><img loading=\"lazy\" decoding=\"async\" width=\"2250\" height=\"2250\" src=\"https:\/\/institutvilley.com\/wp-content\/uploads\/2019\/02\/IMG_20190221_171104_993.jpg\" class=\"attachment-full size-full\" alt=\"\" srcset=\"https:\/\/institutvilley.com\/wp-content\/uploads\/2019\/02\/IMG_20190221_171104_993-66x66.jpg 66w, https:\/\/institutvilley.com\/wp-content\/uploads\/2019\/02\/IMG_20190221_171104_993-150x150.jpg 150w, https:\/\/institutvilley.com\/wp-content\/uploads\/2019\/02\/IMG_20190221_171104_993-200x200.jpg 200w, https:\/\/institutvilley.com\/wp-content\/uploads\/2019\/02\/IMG_20190221_171104_993-300x300.jpg 300w, https:\/\/institutvilley.com\/wp-content\/uploads\/2019\/02\/IMG_20190221_171104_993-400x400.jpg 400w, https:\/\/institutvilley.com\/wp-content\/uploads\/2019\/02\/IMG_20190221_171104_993-600x600.jpg 600w, https:\/\/institutvilley.com\/wp-content\/uploads\/2019\/02\/IMG_20190221_171104_993-768x768.jpg 768w, https:\/\/institutvilley.com\/wp-content\/uploads\/2019\/02\/IMG_20190221_171104_993-800x800.jpg 800w, https:\/\/institutvilley.com\/wp-content\/uploads\/2019\/02\/IMG_20190221_171104_993-1024x1024.jpg 1024w, https:\/\/institutvilley.com\/wp-content\/uploads\/2019\/02\/IMG_20190221_171104_993-1200x1200.jpg 1200w, https:\/\/institutvilley.com\/wp-content\/uploads\/2019\/02\/IMG_20190221_171104_993.jpg 2250w\" sizes=\"(max-width: 2250px) 100vw, 2250px\" \/><\/a><\/div><\/div><\/li><\/ul><\/div><\/div><\/div><style type=\"text\/css\">@media only screen and (max-width:800px) {.fusion-title.fusion-title-1{margin-top:10px!important;margin-bottom:10px!important;}}<\/style><div class=\"fusion-title title fusion-title-1 fusion-sep-none fusion-title-text fusion-title-size-two\" style=\"font-size:15px;margin-top:20px;margin-bottom:10px;\"><h2 class=\"title-heading-left\" style=\"margin:0;font-size:1em;\">Contact<\/h2><\/div><style type=\"text\/css\">@media only screen and (max-width:800px) {.fusion-title.fusion-title-2{margin-top:10px!important;margin-bottom:10px!important;}}<\/style><div class=\"fusion-title title fusion-title-2 fusion-sep-none fusion-title-text fusion-title-size-one\" style=\"margin-top:0px;margin-bottom:31px;\"><h1 class=\"title-heading-left\" style=\"margin:0;\"><h4>Institut Michel Villey<\/h4>\n<p>Universit\u00e9 de Paris-Panth\u00e9on-Assas<br \/>\n13 rue Santeuil<br \/>\n75 005 Paris<\/p>\n<h4>Secr\u00e9tariat :<\/h4>\n<p>+33 (0) 1 44 41 89 92<br \/>\ninst.mvilley@u-paris2.fr<\/p>\n<h4>Horaires du secr\u00e9tariat\u00a0:<\/h4>\n<p>Lundi &#8211; Vendredi\u00a0: 9h-17h<\/p><\/h1><\/div><div class=\"fusion-clearfix\"><\/div><\/div><\/div><div  class=\"fusion-layout-column fusion_builder_column fusion_builder_column_2_3 fusion-builder-column-1 fusion-two-third fusion-column-last 2_3\"  style='margin-top:0px;margin-bottom:20px;width:66.66%;width:calc(66.66% - ( ( 4% ) * 0.6666 ) );'><div class=\"fusion-column-wrapper\" style=\"padding: 0px 0px 0px 0px;background-position:left top;background-repeat:no-repeat;-webkit-background-size:cover;-moz-background-size:cover;-o-background-size:cover;background-size:cover;\"   data-bg-url=\"\"><style type=\"text\/css\">@media only screen and (max-width:800px) {.fusion-title.fusion-title-3{margin-top:10px!important;margin-bottom:10px!important;}}<\/style><div class=\"fusion-title title fusion-title-3 fusion-sep-none fusion-title-center fusion-title-text fusion-title-size-two\" style=\"margin-top:0px;margin-bottom:20px;\"><h2 class=\"title-heading-center\" style=\"margin:0;\">Organisation<\/h2><\/div><div class=\"fusion-builder-row fusion-builder-row-inner fusion-row \"><div  class=\"fusion-layout-column fusion_builder_column fusion_builder_column_2_5 fusion-builder-nested-column-1 fusion-two-fifth fusion-column-first 2_5\"  style='margin-top: 0px;margin-bottom: 20px;width:40%;width:calc(40% - ( ( 4% ) * 0.4 ) );margin-right:4%;'>\n\t\t\t\t\t<div class=\"fusion-column-wrapper fusion-column-wrapper-1\" style=\"padding: 0px 0px 0px 0px;background-position:left top;background-repeat:no-repeat;-webkit-background-size:cover;-moz-background-size:cover;-o-background-size:cover;background-size:cover;\" data-bg-url=\"\">\n\t\t\t\t\t\t<style type=\"text\/css\">@media only screen and (max-width:800px) {.fusion-title.fusion-title-4{margin-top:10px!important;margin-bottom:10px!important;}}<\/style><div class=\"fusion-title title fusion-title-4 fusion-title-text fusion-title-size-three\" style=\"margin-top:0px;margin-bottom:10px;\"><h3 class=\"title-heading-left\" style=\"margin:0;color:#2c425d;\">Direction et administration<\/h3><div class=\"title-sep-container\"><div class=\"title-sep sep-double sep-solid\" style=\"border-color:#e0dede;\"><\/div><\/div><\/div><style type=\"text\/css\">@media only screen and (max-width:800px) {.fusion-title.fusion-title-5{margin-top:10px!important;margin-bottom:10px!important;}}<\/style><div class=\"fusion-title title fusion-title-5 fusion-sep-none fusion-title-text fusion-title-size-four\" style=\"margin-top:0px;margin-bottom:0px;\"><h4 class=\"title-heading-left\" style=\"margin:0;\">Directeur<\/h4><\/div><div class=\"fusion-text\"><p style=\"text-align: left;\">Pr Denis Baranger<\/p>\n<\/div><style type=\"text\/css\">@media only screen and (max-width:800px) {.fusion-title.fusion-title-6{margin-top:10px!important;margin-bottom:10px!important;}}<\/style><div class=\"fusion-title title fusion-title-6 fusion-sep-none fusion-title-text fusion-title-size-four\" style=\"margin-top:0px;margin-bottom:0px;\"><h4 class=\"title-heading-left\" style=\"margin:0;\">Directeur-adjoint<\/h4><\/div><div class=\"fusion-text\"><p style=\"text-align: left;\">Pr Olivier Beaud<\/p>\n<\/div><style type=\"text\/css\">@media only screen and (max-width:800px) {.fusion-title.fusion-title-7{margin-top:10px!important;margin-bottom:10px!important;}}<\/style><div class=\"fusion-title title fusion-title-7 fusion-sep-none fusion-title-text fusion-title-size-four\" style=\"margin-top:0px;margin-bottom:0px;\"><h4 class=\"title-heading-left\" style=\"margin:0;\">Secr\u00e9taire G\u00e9n\u00e9ral<\/h4><\/div><div class=\"fusion-text\"><p>Jeremiah Papic<\/p>\n<\/div><style type=\"text\/css\">@media only screen and (max-width:800px) {.fusion-title.fusion-title-8{margin-top:10px!important;margin-bottom:10px!important;}}<\/style><div class=\"fusion-title title fusion-title-8 fusion-sep-none fusion-title-text fusion-title-size-four\" style=\"margin-top:0px;margin-bottom:0px;\"><h4 class=\"title-heading-left\" style=\"margin:0;\">Secr\u00e9taire<\/h4><\/div><div class=\"fusion-text\"><p style=\"text-align: left;\">\u00a0William Abitbol<\/p>\n<\/div><style type=\"text\/css\">@media only screen and (max-width:800px) {.fusion-title.fusion-title-9{margin-top:10px!important;margin-bottom:10px!important;}}<\/style><div class=\"fusion-title title fusion-title-9 fusion-title-text fusion-title-size-three\" style=\"margin-top:0px;margin-bottom:10px;\"><h3 class=\"title-heading-left\" style=\"margin:0;color:#2c425d;\">Conseil de l&rsquo;Institut<\/h3><div class=\"title-sep-container\"><div class=\"title-sep sep-double sep-solid\" style=\"border-color:#e0dede;\"><\/div><\/div><\/div><div class=\"fusion-text\"><p style=\"text-align: left;\">D. Baranger, O. Beaud, J.-P. Coriat, E.\u00a0Djordjevic, Q. Epron, C. Gu\u00e9rin-Bargues, Th. Guilluy, O. Jouanjan, J.-F. Kerv\u00e9gan, Ph. de Lara, Ch. Leben\u2020, M. Plouviez, Ph. Raynaud, F. Saint-Bonnet, Ph. Th\u00e9ry,\u00a0Th. Desmoulins.<\/p>\n<\/div>\n\n\t\t\t\t\t<\/div>\n\t\t\t\t<\/div><div  class=\"fusion-layout-column fusion_builder_column fusion_builder_column_3_5 fusion-builder-nested-column-2 fusion-three-fifth fusion-column-last 3_5\"  style='margin-top: 0px;margin-bottom: 20px;width:60%;width:calc(60% - ( ( 4% ) * 0.6 ) );'>\n\t\t\t\t\t<div class=\"fusion-column-wrapper fusion-column-wrapper-2\" style=\"padding: 0px 0px 0px 0px;background-position:left top;background-repeat:no-repeat;-webkit-background-size:cover;-moz-background-size:cover;-o-background-size:cover;background-size:cover;\" data-bg-url=\"\">\n\t\t\t\t\t\t<style type=\"text\/css\">@media only screen and (max-width:800px) {.fusion-title.fusion-title-10{margin-top:10px!important;margin-bottom:10px!important;}}<\/style><div class=\"fusion-title title fusion-title-10 fusion-title-text fusion-title-size-three\" style=\"margin-top:0px;margin-bottom:10px;\"><h3 class=\"title-heading-left\" style=\"margin:0;color:#2c425d;\">Assembl\u00e9e de l&rsquo;Institut<\/h3><div class=\"title-sep-container\"><div class=\"title-sep sep-double sep-solid\" style=\"border-color:#e0dede;\"><\/div><\/div><\/div><style type=\"text\/css\">@media only screen and (max-width:800px) {.fusion-title.fusion-title-11{margin-top:10px!important;margin-bottom:10px!important;}}<\/style><div class=\"fusion-title title fusion-title-11 fusion-sep-none fusion-title-text fusion-title-size-four\" style=\"margin-top:0px;margin-bottom:0px;\"><h4 class=\"title-heading-left\" style=\"margin:0;\">Membres statutaires<\/h4><\/div><div class=\"fusion-text\"><p>D.\u00a0Baranger, O.\u00a0Beaud, C.\u00a0Gu\u00e9rin-Bargues, E.\u00a0Djordjevic, Q.\u00a0Epron, O.\u00a0Jouanjan, Ph.\u00a0de\u00a0Lara, Ph.\u00a0Lauvaux, Ph.\u00a0Raynaud, F.\u00a0Saint-Bonnet.<\/p>\n<\/div><style type=\"text\/css\">@media only screen and (max-width:800px) {.fusion-title.fusion-title-12{margin-top:10px!important;margin-bottom:10px!important;}}<\/style><div class=\"fusion-title title fusion-title-12 fusion-sep-none fusion-title-text fusion-title-size-four\" style=\"margin-top:0px;margin-bottom:0px;\"><h4 class=\"title-heading-left\" style=\"margin:0;\">Repr\u00e9sentants des doctorants<\/h4><\/div><div class=\"fusion-text\"><p>Baptiste Bianchi, Claire Gl\u00e9nisson<\/p>\n<\/div><style type=\"text\/css\">@media only screen and (max-width:800px) {.fusion-title.fusion-title-13{margin-top:10px!important;margin-bottom:10px!important;}}<\/style><div class=\"fusion-title title fusion-title-13 fusion-sep-none fusion-title-text fusion-title-size-four\" style=\"margin-top:0px;margin-bottom:0px;\"><h4 class=\"title-heading-left\" style=\"margin:0;\"><p class=\"title-heading-center\">Membres associ\u00e9s<\/p><\/h4><\/div><div class=\"fusion-text\"><p>M. Altwegg-Boussac, J. Barroche, R. Baumert, G. Bligh, D. Bureau, P.-O. Caille, J.-M. Carbasse, L. de Carbonni\u00e8res, M. Carpentier, C. Chainais, V. Champeil-Desplats, E. Chevreau, J.-P. Coriat, N. Cornu-Th\u00e9nard, J.-P. Coujou, J. Couillerot, B. Daugeron, G. Demelemestre, J.-M. Denquin, E. Desmons, Th. Desmoulins, Y.-A. Durelle-Marc, A. Escudier, P.-Y. Gautier, G. Gl\u00e9nard, Th. Guilluy, P. Gonod, R. Hal\u00e9vi, A. Hamann, J.-L. Harouel, M. N. Haupais, C. M. Herrera, J.-V. Holeindre, J. Hummel, M. L. Jaume, J. Jeanneney, O. Jouanjan, E. Jouannet, E. Lagrange, A. Laqui\u00e8ze, A. Le Pillouer, J.-F. Kerv\u00e9gan, V. Lasserre-Kiesow, Ch. Leben \u2020, A. Lefebvre-Teillard, G. Leyte, R. Libchaber, F. Martin, E. Maulin, P. Mayer, M. S. Miller, D. Mongoin, E. Papadopoulos-Lemaire, J. Petit, C.-M. Pimentel, B. Plessix, M. Plouviez, Ph. Portier, T. Pouthier, Th. Raptopoulos, P.-M. Raynal, Ch. Reiplinger, M.-F. Renoux-Zagam\u00e9, T. Revet, C. Roynier, P. Serrand, N. Sfez, A. Simonin, Ph. Th\u00e9ry, R. Th\u00e9ry, J.-L. Thireau, S. Tortorella, M. Unger, M. Xifaras, P. Wachsmann.<\/p>\n<\/div>\n\n\t\t\t\t\t<\/div>\n\t\t\t\t<\/div><\/div><div class=\"fusion-clearfix\"><\/div><\/div><\/div><\/div><\/div>\n","protected":false},"excerpt":{"rendered":"","protected":false},"author":1,"featured_media":0,"parent":14,"menu_order":0,"comment_status":"closed","ping_status":"closed","template":"","meta":{"footnotes":""},"_links":{"self":[{"href":"https:\/\/institutvilley.com\/index.php?rest_route=\/wp\/v2\/pages\/397"}],"collection":[{"href":"https:\/\/institutvilley.com\/index.php?rest_route=\/wp\/v2\/pages"}],"about":[{"href":"https:\/\/institutvilley.com\/index.php?rest_route=\/wp\/v2\/types\/page"}],"author":[{"embeddable":true,"href":"https:\/\/institutvilley.com\/index.php?rest_route=\/wp\/v2\/users\/1"}],"replies":[{"embeddable":true,"href":"https:\/\/institutvilley.com\/index.php?rest_route=%2Fwp%2Fv2%2Fcomments&post=397"}],"version-history":[{"count":31,"href":"https:\/\/institutvilley.com\/index.php?rest_route=\/wp\/v2\/pages\/397\/revisions"}],"predecessor-version":[{"id":3886,"href":"https:\/\/institutvilley.com\/index.php?rest_route=\/wp\/v2\/pages\/397\/revisions\/3886"}],"up":[{"embeddable":true,"href":"https:\/\/institutvilley.com\/index.php?rest_route=\/wp\/v2\/pages\/14"}],"wp:attachment":[{"href":"https:\/\/institutvilley.com\/index.php?rest_route=%2Fwp%2Fv2%2Fmedia&parent=397"}],"curies":[{"name":"wp","href":"https:\/\/api.w.org\/{rel}","templated":true}]}}