{"id":2921,"date":"2023-01-12T10:22:30","date_gmt":"2023-01-12T10:22:30","guid":{"rendered":"http:\/\/institutvilley.com\/?page_id=2921"},"modified":"2024-11-21T21:10:07","modified_gmt":"2024-11-21T21:10:07","slug":"seminaire-general","status":"publish","type":"page","link":"https:\/\/institutvilley.com\/?page_id=2921","title":{"rendered":"S\u00e9minaire G\u00e9n\u00e9ral"},"content":{"rendered":"<div>\n<h1 align=\"center\"><\/h1>\n<h1 class=\"Notes-Corpsdetexte\" align=\"center\"><i>S\u00e9minaire g\u00e9n\u00e9ral de l\u2019Institut Michel Villey<\/i><\/h1>\n<\/div>\n<div>\n<h2 align=\"center\"><span style=\"color: #ffffff;\">&#8211;<\/span><\/h2>\n<p class=\"Notes-Corpsdetexte\" align=\"center\">Organisation et coordination\u00a0: <span style=\"color: #333399;\"><strong><a style=\"color: #333399;\" href=\"http:\/\/institutvilley.com\/?page_id=130\" target=\"_blank\" rel=\"noopener\">E. Djordjevic<\/a><\/strong><\/span> et <span style=\"color: #333399;\"><strong><a style=\"color: #333399;\" href=\"http:\/\/institutvilley.com\/?page_id=122\" target=\"_blank\" rel=\"noopener\">Q. Epron<\/a><\/strong><\/span><i><\/i><\/p>\n<h2 align=\"center\"><span style=\"color: #ffffff;\">&#8211;<\/span><\/h2>\n<\/div>\n<div>\n<p class=\"Notes-Corpsdetexte\">Le s\u00e9minaire g\u00e9n\u00e9ral de l\u2019Institut Villey propose \u00e0 des chercheurs de venir pr\u00e9senter l\u2019\u00e9tat de leur recherche sur des th\u00e8mes et dans des domaines qui int\u00e9ressent le Centre de recherche et s\u2019inscrivent dans les perspectives et champs de recherche de l\u2019Institut Villey\u00a0: Philosophie du droit, Philosophie et droit, Culture juridique et histoire des id\u00e9es, Philosophie politique, Th\u00e9orie de l\u2019\u00c9tat, Th\u00e9orie de la d\u00e9mocratie.<\/p>\n<\/div>\n<div>\n<p>Interviennent aussi bien des chercheurs invit\u00e9s en s\u00e9jour de recherche \u00e0 l\u2019Institut Villey que des chercheurs sp\u00e9cifiquement convi\u00e9s \u00e0 cette fin. Les intervenants disposent d\u2019une heure pour exposer leurs travaux, suivie d\u2019une heure de discussion.<\/p>\n<\/div>\n<div>\n<p class=\"Notes-Corpsdetexte\">Sauf indication contraire, ce s\u00e9minaire, ouvert \u00e0 tous, se tient le jeudi, de 17h \u00e0 19h, dans la salle de lecture de l\u2019Institut Michel Villey (1, rue d&rsquo;Ulm &#8211; 75005 Paris, 5e \u00e9tage).<span style=\"color: #ffffff;\">&#8211;<\/span><\/p>\n<p>&nbsp;<\/p>\n<\/div>\n<hr \/>\n<div>\n<h1 style=\"text-align: center;\">Calendrier 2024-2025<\/h1>\n<p>&nbsp;<\/p>\n<div>\n<p style=\"text-align: center;\">Mercredi 11 d\u00e9cembre 2024, <strong><u>17h30-19h30<\/u><\/strong><\/p>\n<p style=\"text-align: center;\"><strong>David M. RABBAN <\/strong>(The University of Texas at Austin, School of Law)<\/p>\n<p style=\"text-align: center;\"><a href=\"https:\/\/institutvilley.com\/?event=seminaire-general-david-m-rabban-on-academic-freedom-cambridge-ma-harvard-u-p-2024\"><em><span style=\"color: #000080;\"><span style=\"text-decoration: underline;\">On <\/span><\/span><\/em><span style=\"text-decoration: underline;\"><span style=\"color: #000080; text-decoration: underline;\">Academic Freedom<em>, Cambridge Ma.<\/em>, Harvard U.\u00a0P., 2024<\/span><\/span><\/a><br \/>\nDiscutant\u00a0: Olivier Beaud (Universit\u00e9 Paris-Panth\u00e9on-Assas)<\/p>\n<\/div>\n<div>\n<h2 align=\"center\">&#8211;<\/h2>\n<\/div>\n<p style=\"text-align: center;\">Jeudi 20 f\u00e9vrier 2025<\/p>\n<p style=\"text-align: center;\"><strong>Stefan GOLTZBERG<\/strong> (Universit\u00e9 Libre de Bruxelles)<\/p>\n<p style=\"text-align: center;\"><a href=\"https:\/\/institutvilley.com\/?event=seminaire-general-stefan-goltzberg-interpretation-et-droit-talmudique\"><em><span style=\"color: #333399;\"><span style=\"text-decoration: underline;\">Interpr\u00e9tation et droit talmudique<\/span><\/span><\/em><\/a><\/p>\n<div>\n<h2 align=\"center\">&#8211;<\/h2>\n<\/div>\n<p style=\"text-align: center;\">Jeudi 10 avril 2025<\/p>\n<p style=\"text-align: center;\"><strong>Fr\u00e9d\u00e9ric ROUVIERE <\/strong>(Universit\u00e9 d\u2019Aix-Marseille)<\/p>\n<p style=\"text-align: center;\"><a href=\"https:\/\/institutvilley.com\/?event=seminaire-general-frederic-rouviere-presentation-de-largumentation-juridique-puf-2023\"><em><span style=\"color: #333399;\"><span style=\"color: #000080;\"><span style=\"text-decoration: underline;\">Pr\u00e9sentation de\u00a0:<\/span><\/span><\/span><\/em><span style=\"text-decoration: underline;\"><span style=\"color: #000080; text-decoration: underline;\"> Argumentation juridique<em>, Paris, PUF, 2023<\/em><\/span><\/span><\/a><\/p>\n<div>\n<h2 align=\"center\">&#8211;<\/h2>\n<\/div>\n<p style=\"text-align: center;\">Jeudi 15 mai 2025<\/p>\n<p style=\"text-align: center;\"><strong>Gabrielle RADICA <\/strong>(Universit\u00e9 de Lille)<\/p>\n<p style=\"text-align: center;\"><a href=\"https:\/\/institutvilley.com\/?event=seminaire-general-gabrielle-radica-le-droit-civil-est-politique-histoire-dun-argument-philosophique\"><em><span style=\"color: #000080;\"><span style=\"text-decoration: underline;\">Le droit civil est politique. Histoire d\u2019un argument philosophique.<\/span><\/span><\/em><\/a><\/p>\n<div>\n<h2 align=\"center\">&#8211;<\/h2>\n<\/div>\n<p style=\"text-align: center;\">Jeudi 5 juin 2025<\/p>\n<p style=\"text-align: center;\"><strong>Clotilde NOU\u00cbT <\/strong>(Universit\u00e9 Mohammed VI et Universit\u00e9 Lyon 3)<\/p>\n<p style=\"text-align: center;\"><a href=\"https:\/\/institutvilley.com\/?event=seminaire-general-clotilde-nouet-habermas-deux-modeles-de-democratie-1958-1992\"><em><span style=\"color: #000080;\"><span style=\"text-decoration: underline;\">Habermas, deux mod\u00e8les de d\u00e9mocratie\u00a0? (1958-1992)<\/span><\/span><\/em><\/a><\/p>\n<\/div>\n<p>&nbsp;<\/p>\n<p>&nbsp;<\/p>\n<p style=\"text-align: center;\"><a href=\"http:\/\/institutvilley.com\/wp-content\/uploads\/2024\/11\/2024-2025_IMV_Seminaire-general_Affiche.pdf\"><strong><span style=\"color: #000080;\">Affiche du programme 2024-2025<\/span><\/strong><\/a><\/p>\n<hr \/>\n<h2 align=\"center\"><\/h2>\n<h1 style=\"text-align: center;\">Les ann\u00e9es pr\u00e9c\u00e9dentes<\/h1>\n<p>&nbsp;<\/p>\n<div>\n<h2 align=\"center\">2023-2024<\/h2>\n<p>&nbsp;<\/p>\n<p class=\"Notes-Corpsdetexte\" align=\"center\">Jeudi 14 mars 2024 &#8211; Salle des Actes de l&rsquo;universit\u00e9 Panth\u00e9on-Assas*<\/p>\n<\/div>\n<div>\n<p class=\"Notes-Corpsdetexte\" align=\"center\"><b>Mathilde UNGER<\/b> (Universit\u00e9 de Strasbourg)<\/p>\n<\/div>\n<div>\n<p class=\"Notes-Corpsdetexte\" align=\"center\"><a href=\"https:\/\/institutvilley.com\/?event=seminaire-general-1e-seance-mathilde-unger-la-justice-sociale-dans-lunion-europeenne-citoyennete-et-droits-au-dela-de-letat\" target=\"_blank\" rel=\"noopener\"><em>La Justice sociale dans l\u2019Union europ\u00e9enne. Citoyennet\u00e9 et droits au-del\u00e0 de l\u2019\u00c9tat<\/em>.<\/a><\/p>\n<\/div>\n<div>\n<h2 align=\"center\">&#8211;<\/h2>\n<\/div>\n<div>\n<p class=\"Notes-Corpsdetexte\" align=\"center\">Jeudi 4 avril 2024<\/p>\n<\/div>\n<div>\n<p class=\"Notes-Corpsdetexte\" align=\"center\"><b>J\u00e9r\u00f4me CHACORNAC<\/b> (Universit\u00e9 Paris Panth\u00e9on-Assas)<\/p>\n<\/div>\n<div>\n<p class=\"Notes-Corpsdetexte\" align=\"center\"><a href=\"https:\/\/institutvilley.com\/?event=seminaire-general-mathilde-unger-la-justice-sociale-dans-lunion-europeenne-citoyennete-et-droits-au-dela-de-letat\" target=\"_blank\" rel=\"noopener\"><em>La responsabilit\u00e9 sociale des entreprises\u00a0:<br \/>\nrenouvellement ou remise en cause de la libert\u00e9 du commerce\u00a0?<\/em><\/a><\/p>\n<\/div>\n<div>\n<h2 align=\"center\">&#8211;<\/h2>\n<\/div>\n<div>\n<p class=\"Notes-Corpsdetexte\" align=\"center\"><strong>ATTENTION : Cette s\u00e9ance est report\u00e9e et se tiendra lors de l&rsquo;ann\u00e9e universitaire 2024-2025<\/strong><\/p>\n<\/div>\n<div>\n<p class=\"Notes-Corpsdetexte\" align=\"center\"><b>Tatiana GR\u00dcNDLER<\/b> (Universit\u00e9 Paris Nanterre)<\/p>\n<\/div>\n<div>\n<p class=\"Notes-Corpsdetexte\" align=\"center\"><em>Personnes \u00e2g\u00e9es et autonomie\u00a0: quels enjeux\u00a0?<\/em><\/p>\n<\/div>\n<div>\n<h2 align=\"center\">&#8211;<\/h2>\n<\/div>\n<div>\n<p class=\"Notes-Corpsdetexte\" align=\"center\">Jeudi 30 mai 2024<\/p>\n<\/div>\n<div>\n<p class=\"Notes-Corpsdetexte\" align=\"center\"><b>C\u00e9line JOUIN <\/b>(Universit\u00e9 de Caen Normandie)<\/p>\n<\/div>\n<div>\n<p class=\"Notes-Corpsdetexte\" align=\"center\"><a href=\"https:\/\/institutvilley.com\/?event=seminaire-general-celine-jouin-la-notion-de-constitution-economique-une-genealogie\" target=\"_blank\" rel=\"noopener\"><em>La notion de constitution \u00e9conomique : une g\u00e9n\u00e9alogie<\/em><\/a><\/p>\n<\/div>\n<div>\n<h2 align=\"center\">&#8211;<\/h2>\n<\/div>\n<div>\n<p class=\"Notes-Corpsdetexte\" align=\"center\">Jeudi 13 juin 2024<\/p>\n<\/div>\n<div>\n<p class=\"Notes-Corpsdetexte\" align=\"center\"><b>Dante FEDELE<\/b> (CNRS \u2013 Universit\u00e9 de Lille)<\/p>\n<\/div>\n<div>\n<p class=\"Notes-Corpsdetexte\" align=\"center\"><a href=\"https:\/\/institutvilley.com\/?event=seminaire-general-dante-fedele-le-statut-des-infideles-au-concile-de-constance-une-etape-dans-laffirmation-des-droits-de-lhomme\" target=\"_blank\" rel=\"noopener\"><em>Le statut des \u00ab\u00a0infid\u00e8les\u00a0\u00bb au Concile de Constance (1414-1418).<br \/>\nUne \u00e9tape dans l\u2019affirmation des \u00ab\u00a0droits de l\u2019homme\u00a0\u00bb\u00a0?<\/em><\/a><\/p>\n<\/div>\n<hr \/>\n<div>\n<h2 align=\"center\"><span style=\"color: #ffffff;\">&#8211;<\/span>2022-2023<span style=\"color: #ffffff;\">&#8211;<\/span><\/h2>\n<\/div>\n<div>\n<p class=\"Notes-Corpsdetexte\" align=\"center\">Jeudi 2 f\u00e9vrier 2023<\/p>\n<\/div>\n<div>\n<p class=\"Notes-Corpsdetexte\" align=\"center\"><b>Xavier Pr\u00e9vost<\/b> (Universit\u00e9 de Bordeaux)<\/p>\n<\/div>\n<div>\n<p class=\"Notes-Corpsdetexte\" align=\"center\"><i>Transformations humanistes des savoirs juridiques en France \u00e0 la Renaissance<\/i><\/p>\n<\/div>\n<p style=\"text-align: center;\"><a href=\"http:\/\/institutvilley.com\/wp-content\/uploads\/2023\/01\/Seminaire-General-Flyer-Seance-1-2.pdf\">Flyer (pdf)<\/a><\/p>\n<div>\n<h2 align=\"center\"><span style=\"color: #ffffff;\">&#8211;<\/span><\/h2>\n<\/div>\n<div>\n<p class=\"Notes-Corpsdetexte\" align=\"center\">Jeudi 9 mars 2023<\/p>\n<\/div>\n<div>\n<p class=\"Notes-Corpsdetexte\" align=\"center\"><b>G\u00e9raldine Muhlmann<\/b> (Universit\u00e9 Paris Panth\u00e9on-Assas)<\/p>\n<\/div>\n<div>\n<p class=\"Notes-Corpsdetexte\" align=\"center\"><i>\u00c0 propos de <\/i>L\u2019Imposture du th\u00e9ologico-politique<i>, Paris, Les Belles Lettres, 2022<\/i><\/p>\n<\/div>\n<div>\n<p class=\"Notes-Corpsdetexte\" align=\"center\"><a href=\"http:\/\/institutvilley.com\/wp-content\/uploads\/2023\/02\/Seminaire-General-Flyer-Seance-2.pdf\">Flyer (pdf)<\/a><\/p>\n<\/div>\n<div>\n<h2 align=\"center\"><span style=\"color: #ffffff;\">&#8211;<\/span><\/h2>\n<\/div>\n<div>\n<p class=\"Notes-Corpsdetexte\" align=\"center\">Jeudi 20 avril 2023<\/p>\n<\/div>\n<div>\n<p class=\"Notes-Corpsdetexte\" align=\"center\"><b>Charles Girard<\/b> (Universit\u00e9 Jean Moulin Lyon\u00a03)<\/p>\n<\/div>\n<div>\n<p class=\"Notes-Corpsdetexte\" align=\"center\"><i>D\u00e9lib\u00e9rer entre \u00e9gaux<\/i><\/p>\n<p align=\"center\"><a href=\"http:\/\/institutvilley.com\/wp-content\/uploads\/2023\/04\/Seminaire-General-Flyer-Seance-Girard.pdf\">Flyer (pdf)<\/a><\/p>\n<\/div>\n<div>\n<h2 align=\"center\"><span style=\"color: #ffffff;\">&#8211;<\/span><\/h2>\n<\/div>\n<div>\n<p class=\"Notes-Corpsdetexte\" align=\"center\">Mercredi 10 mai 2023<\/p>\n<\/div>\n<div>\n<p class=\"Notes-Corpsdetexte\" align=\"center\"><b>R\u00e9gis Ponsard <\/b>(Universit\u00e9 de Reims Champagne-Ardennes\/EHESS)<\/p>\n<\/div>\n<div>\n<p class=\"Notes-Corpsdetexte\" align=\"center\"><i>Ce que <\/i>l\u2019analyse juridique pluridimensionnelle du droit<i> veut dire<\/i><\/p>\n<p align=\"center\"><a href=\"http:\/\/institutvilley.com\/wp-content\/uploads\/2023\/04\/Seminaire-General-Flyer-Seance-Ponsard.pdf\">Flyer (pdf)<\/a><\/p>\n<\/div>\n<div>\n<h2 align=\"center\"><span style=\"color: #ffffff;\">&#8211;<\/span><\/h2>\n<\/div>\n<div>\n<p class=\"Notes-Corpsdetexte\" align=\"center\">Mercredi 14 juin 2023<\/p>\n<\/div>\n<div>\n<p class=\"Notes-Corpsdetexte\" align=\"center\"><b>Juliette Roussin<\/b> (Universit\u00e9 Laval)<\/p>\n<\/div>\n<div>\n<p class=\"Notes-Corpsdetexte\" align=\"center\"><i>Int\u00e9grit\u00e9 constitutionnelle et int\u00e9grit\u00e9 d\u00e9mocratique dans la pens\u00e9e de Ronald Dworkin<\/i><\/p>\n<p align=\"center\"><a href=\"http:\/\/institutvilley.com\/wp-content\/uploads\/2023\/06\/Seminaire-General-Flyer-Seance-5.pdf\">Flyer (pdf)<\/a><\/p>\n<\/div>\n<h2 align=\"center\"><span style=\"color: #ffffff;\">&#8211;<\/span><\/h2>\n","protected":false},"excerpt":{"rendered":"<p>S\u00e9minaire g\u00e9n\u00e9ral de l\u2019Institut Michel Villey &#8211; Organisation et coordination\u00a0: [&hellip;]<\/p>\n","protected":false},"author":1,"featured_media":0,"parent":210,"menu_order":4,"comment_status":"closed","ping_status":"closed","template":"","meta":{"footnotes":""},"_links":{"self":[{"href":"https:\/\/institutvilley.com\/index.php?rest_route=\/wp\/v2\/pages\/2921"}],"collection":[{"href":"https:\/\/institutvilley.com\/index.php?rest_route=\/wp\/v2\/pages"}],"about":[{"href":"https:\/\/institutvilley.com\/index.php?rest_route=\/wp\/v2\/types\/page"}],"author":[{"embeddable":true,"href":"https:\/\/institutvilley.com\/index.php?rest_route=\/wp\/v2\/users\/1"}],"replies":[{"embeddable":true,"href":"https:\/\/institutvilley.com\/index.php?rest_route=%2Fwp%2Fv2%2Fcomments&post=2921"}],"version-history":[{"count":49,"href":"https:\/\/institutvilley.com\/index.php?rest_route=\/wp\/v2\/pages\/2921\/revisions"}],"predecessor-version":[{"id":3656,"href":"https:\/\/institutvilley.com\/index.php?rest_route=\/wp\/v2\/pages\/2921\/revisions\/3656"}],"up":[{"embeddable":true,"href":"https:\/\/institutvilley.com\/index.php?rest_route=\/wp\/v2\/pages\/210"}],"wp:attachment":[{"href":"https:\/\/institutvilley.com\/index.php?rest_route=%2Fwp%2Fv2%2Fmedia&parent=2921"}],"curies":[{"name":"wp","href":"https:\/\/api.w.org\/{rel}","templated":true}]}}